it of 2326?
2
What is the units digit of 55544?
4
What is the tens digit of 403?
0
What is the hundreds digit of 3535?
5
What is the hundreds digit of 18259?
2
What is the units digit of 911?
1
What is the hundreds digit of 6374?
3
What is the units digit of 58797?
7
What is the units digit of 62054?
4
What is the tens digit of 40121?
2
What is the units digit of 4722?
2
What is the units digit of 468?
8
What is the thousands digit of 2623?
2
What is the ten thousands digit of 42074?
4
What is the tens digit of 808?
0
What is the units digit of 161?
1
What is the units digit of 609?
9
What is the thousands digit of 2500?
2
What is the hundreds digit of 58445?
4
What is the ten thousands digit of 30068?
3
What is the tens digit of 5103?
0
What is the hundreds digit of 1268?
2
What is the hundreds digit of 2656?
6
What is the tens digit of 1715?
1
What is the tens digit of 7077?
7
What is the ten thousands digit of 24724?
2
What is the units digit of 3297?
7
What is the tens digit of 1023?
2
What is the units digit of 7065?
5
What is the units digit of 7941?
1
What is the thousands digit of 26441?
6
What is the hundreds digit of 3105?
1
What is the tens digit of 27478?
7
What is the hundreds digit of 220?
2
What is the tens digit of 1388?
8
What is the units digit of 1598?
8
What is the tens digit of 3726?
2
What is the thousands digit of 10275?
0
What is the thousands digit of 1589?
1
What is the tens digit of 15713?
1
What is the units digit of 6157?
7
What is the thousands digit of 4181?
4
What is the hundreds digit of 1013?
0
What is the hundreds digit of 34989?
9
What is the hundreds digit of 3026?
0
What is the thousands digit of 1018?
1
What is the thousands digit of 12916?
2
What is the tens digit of 2452?
5
What is the tens digit of 825?
2
What is the units digit of 1584?
4
What is the tens digit of 53716?
1
What is the tens digit of 1292?
9
What is the tens digit of 432?
3
What is the tens digit of 85084?
8
What is the tens digit of 5217?
1
What is the tens digit of 304?
0
What is the tens digit of 29095?
9
What is the units digit of 5864?
4
What is the tens digit of 265?
6
What is the hundreds digit of 24670?
6
What is the units digit of 812?
2
What is the thousands digit of 23077?
3
What is the hundreds digit of 118256?
2
What is the ten thousands digit of 68401?
6
What is the hundreds digit of 940?
9
What is the thousands digit of 9055?
9
What is the hundreds digit of 12116?
1
What is the tens digit of 61?
6
What is the units digit of 928?
8
What is the thousands digit of 1097?
1
What is the units digit of 5013?
3
What is the tens digit of 200936?
3
What is the hundreds digit of 41445?
4
What is the units digit of 37?
7
What is the ten thousands digit of 25646?
2
What is the hundreds digit of 995?
9
What is the units digit of 804?
4
What is the tens digit of 18420?
2
What is the tens digit of 294?
9
What is the tens digit of 33?
3
What is the thousands digit of 2186?
2
What is the tens digit of 6104?
0
What is the thousands digit of 27351?
7
What is the units digit of 39294?
4
What is the hundreds digit of 3635?
6
What is the units digit of 717?
7
What is the tens digit of 595?
9
What is the units digit of 2712?
2
What is the hundred thousands digit of 128104?
1
What is the units digit of 114030?
0
What is the tens digit of 13796?
9
What is the units digit of 1002?
2
What is the hundreds digit of 5313?
3
What is the hundreds digit of 1031?
0
What is the hundreds digit of 1438?
4
What is the hundreds digit of 79844?
8
What is the thousands digit of 1716?
1
What is the units digit of 750?
0
What is the thousands digit of 11625?
1
What is the units digit of 8692?
2
What is the hundreds digit of 17044?
0
What is the hundreds digit of 76937?
9
What is the tens digit of 84629?
2
What is the thousands digit of 130717?
0
What is the thousands digit of 1025?
1
What is the units digit of 863?
3
What is the hundreds digit of 28721?
7
What is the ten thousands digit of 27251?
2
What is the units digit of 955?
5
What is the thousands digit of 2863?
2
What is the thousands digit of 4569?
4
What is the hundreds digit of 1595?
5
What is the hundreds digit of 10426?
4
What is the thousands digit of 1834?
1
What is the ten thousands digit of 12397?
1
What is the tens digit of 1014?
1
What is the hundreds digit of 23398?
3
What is the ten thousands digit of 23373?
2
What is the tens digit of 8929?
2
What is the units digit of 184?
4
What is the ten thousands digit of 12875?
1
What is the units digit of 1362?
2
What is the hundreds digit of 20158?
1
What is the units digit of 2154?
4
What is the tens digit of 6893?
9
What is the thousands digit of 48059?
8
What is the thousands digit of 4930?
4
What is the tens digit of 1586?
8
What is the units digit of 1200?
0
What is the thousands digit of 13834?
3
What is the hundreds digit of 15263?
2
What is the tens digit of 5790?
9
What is the tens digit of 2162?
6
What is the units digit of 24866?
6
What is the hundreds digit of 195?
1
What is the units digit of 28155?
5
What is the tens digit of 462?
6
What is the units digit of 2538?
8
What is the hundreds digit of 3575?
5
What is the thousands digit of 2209?
2
What is the units digit of 5881?
1
What is the tens digit of 4001?
0
What is the tens digit of 647?
4
What is the tens digit of 138767?
6
What is the hundreds digit of 1702?
7
What is the hundred thousands digit of 126590?
1
What is the units digit of 2792?
2
What is the hundreds digit of 2321?
3
What is the ten thousands digit of 14027?
1
What is the hundreds digit of 488?
4
What is the thousands digit of 63571?
3
What is the hundreds digit of 54859?
8
What is the ten thousands digit of 12613?
1
What is the units digit of 811?
1
What is the units digit of 145034?
4
What is the tens digit of 1263?
6
What is the thousands digit of 6818?
6
What is the thousands digit of 64852?
4
What is the units digit of 2169?
9
What is the units digit of 6128?
8
What is the units digit of 17519?
9
What is the thousands digit of 4839?
4
What is the thousands digit of 2021?
2
What is the units digit of 2558?
8
What is the thousands digit of 2894?
2
What is the units digit of 1085?
5
What is the tens digit of 503?
0
What is the thousands digit of 9715?
9
What is the ten thousands digit of 55839?
5
What is the thousands digit of 179030?
9
What is the tens digit of 2872?
7
What is the hundreds digit of 40962?
9
What is the tens digit of 123161?
6
What is the units digit of 64?
4
What is the hundreds digit of 769?
7
What is the thousands digit of 92329?
2
What is the ten thousands digit of 13629?
1
What is the tens digit of 17148?
4
What is the tens digit of 686?
8
What is the thousands digit of 14024?
4
What is the thousands digit of 6615?
6
What is the ten thousands digit of 91124?
9
What is the thousands digit of 2927?
2
What is the tens digit of 148108?
0
What is the hundreds digit of 17908?
9
What is the units digit of 1121?
1
What is the units digit of 1148?
8
What is the hundreds digit of 104?
1
What is the thousands digit of 84837?
4
What is the ten thousands digit of 103815?
0
What is the ten thousands digit of 34799?
3
What is the ten thousands digit of 10679?
1
What is the hundreds digit of 2985?
9
What is the thousands digit of 6989?
6
What is the tens digit of 181?
8
What is the thousands digit of 4617?
4
What is the tens digit of 16299?
9
What is the tens digit of 27983?
8
What is the tens digit of 39?
3
What is the tens digit of 128473?
7
What is the thousands digit of 12539?
2
What is the hundreds digit of 161?
1
What is the units digit of 1408?
8
What is the hundreds digit of 7672?
6
What is the hundreds digit of 86980?
9
What is the units digit of 806?
6
What is the tens digit of 123?
2
What is the hundreds digit of 8070?
0
What is the hundreds digit of 2466?
4
What is the thousands digit of 35639?
5
What is the units digit of 2223?
3
What is the units digit of 3655?
5
What is the units digit of 1106?
6
What is the hundreds digit of 3567?
5
What is the hundreds digit of 525?
5
What is the hundreds digit of 14366?
3
What is the hundreds digit of 29287?
2
What is the units digit of 21366?
6
What is the hundreds digit of 2219?
2
What is the units digit of 54054?
4
What is the hundreds digit of 520?
5
Wha